rs of i?
2, 29
Let y(x) = -x**2 - 7*x - 1. Let f be ((1 + 2)/(-1))/1. What are the prime factors of y(f)?
11
Let u = -13 - -62. List the prime factors of u.
7
Suppose -2*l = 5*r - 10, -3*l + l = -r - 10. Suppose r = 4*d - 122 + 42. Suppose -4*n - d = -9*n. What are the prime factors of n?
2
Let y(l) = -15*l - 38. List the prime factors of y(-5).
37
Suppose -a - 10 = 3*t - 29, 2*t - 147 = -5*a. What are the prime factors of a?
31
Let d be (-1131)/(-15) - 6/(-10). Let w = d - 52. What are the prime factors of w?
2, 3
Suppose 0 = -10*a + 5*a - 80. Let h be a/(-3) - 3/9. Suppose -h*r + 32 = -18. List the prime factors of r.
2, 5
Suppose -366 = -8*u + 410. What are the prime factors of u?
97
Let q be ((-6)/18)/(1/(-6)). Suppose -q*a = -a - 18. List the prime factors of a.
2, 3
Let q(x) = x**2 + 7*x + 7. Let a be q(-6). Let y be (-2 + -5*1)/a. Let u(c) = -c**3 - 7*c**2 + 10. What are the prime factors of u(y)?
2, 5
Suppose 0 = 4*h - 3*f + 43, -5 + 4 = -2*h - 3*f. Let x(z) = -z**2 - 9*z - 10. List the prime factors of x(h).
2
Let g = -37 + 26. Suppose -5*q - 6*k + 2*k = 116, 4*q - 3*k = -68. Let j = g - q. What are the prime factors of j?
3
Suppose 0 = -3*l + 9, -4*y + 4*l - 44 = -0*l. Let x = -6 - y. Suppose -2*p = -p - x. List the prime factors of p.
2
Let w = 44 + -23. List the prime factors of w.
3, 7
Let j(d) = d**2 - 3*d + 2. Let q be j(4). Let s = q - 1. Suppose -24 = -s*o + o. What are the prime factors of o?
2, 3
Suppose 0 = 5*m - 2*w + 14, -2*m - 1 - 1 = w. Let j = 0 - m. What are the prime factors of j?
2
Let i(h) = -h**2 + 13*h - 14. Let s be i(10). Suppose s + 4 = 4*p. Suppose -p*r + 48 = -r. List the prime factors of r.
2, 3
Suppose 6*u = -20 + 392. List the prime factors of u.
2, 31
Suppose 309 = 6*b - 5*b. What are the prime factors of b?
3, 103
Let h = -23 - -25. List the prime factors of h.
2
Suppose -3*y + 5*d = 2*y - 860, y - 5*d = 184. What are the prime factors of y?
13
Suppose 4*g - g - 18 = 0. Suppose 3*c = c - 8. Let k = g + c. List the prime factors of k.
2
Suppose -4*s + 7 = v, v + 5*s - 3*s - 5 = 0. Suppose v*f = 5*t + 1, 2 = 4*f - t - 22. List the prime factors of f.
7
Let f be 1 + -2*(-1)/2. Let c be (-4)/(f*3/(-6)). Let u = c - 0. What are the prime factors of u?
2
Suppose 3*a - 13 + 4 = 0. Let f be a + -2 + (3 - -2). Suppose -f*h + 4*z = -h - 81, -2*h + 18 = 2*z. List the prime factors of h.
13
Suppose -5*l + 24 = -l. Suppose -4*s - l = 6. Let h = 2 - s. List the prime factors of h.
5
Suppose -2*b = -2*z - 8, -5*b + 18 = -2*z - 5. Suppose -2*i + 9 + z = 0. What are the prime factors of i?
5
Let t(i) = 15 - 6 - 7 + 11 + i. Let d be t(-7). Suppose -3*m = -d*m + 18. List the prime factors of m.
2, 3
Suppose -2*i - 4 = 4, 2 = 2*n - 2*i. Let w = 2 - n. What are the prime factors of w?
5
Let k(i) = i**3 + 6*i**2 - 2*i - 6. Let o(q) = -q**2 - 5*q + 5. Let y be o(-5). Let s = -1 - y. List the prime factors of k(s).
2, 3
Suppose -2*i + 6*i + 17 = -x, 3*i + 24 = -3*x. Let s = -1 - i. What are the prime factors of s?
2
Let n be (-2)/2*3*11. What are the prime factors of ((-4)/2)/(6/n)?
11
List the prime factors of (-23)/(-3 + 100/35).
7, 23
Let g = 12 - 10. What are the prime factors of g?
2
Let t(j) = -j**2 - 6*j - 1. Let s be t(-3). Suppose r - 6 = -2*h + s, -13 = -2*r + h. What are the prime factors of r?
2
Suppose -3*m + 2560 = 5*m. What are the prime factors of m?
2, 5
Let p = 5 + 3. Suppose -z - 10 = -5*o, -2*z = 4*o + z - p. What are the prime factors of 12 - o/4*2?
11
Let n(v) = 14*v + 8. What are the prime factors of n(4)?
2
Let q(t) = 106*t**2 + t - 1. Let n be q(1). Suppose -4*v = -n - 10. List the prime factors of v.
29
Let n(j) = 2*j**3 - 2*j**2 - 3*j + 2. List the prime factors of n(2).
2
Suppose -5*k + 285 = 25. List the prime factors of k.
2, 13
Let x = -38 + 54. Suppose l - x = -l. What are the prime factors of ((-22)/l)/(6/(-24))?
11
Suppose 2*g + 2*m = -12, 5*g = 4*g + 3*m - 2. Let d(p) = p**3 + 5*p**2 - 2*p + 6. What are the prime factors of d(g)?
2
Let x be 4 + (2 - 3)/1. Suppose 0 = -3*h + 4*y - x*y + 38, 0 = 5*h + 2*y - 78. List the prime factors of h.
2, 7
Let q(a) be the second derivative of a + 1/6*a**3 - 1/2*a**4 + 0 + 1/2*a**2 + 1/20*a**5. List the prime factors of q(6).
7
Let z(v) = v**2 + 2*v - 10. List the prime factors of z(-7).
5
Suppose 4*t + 3 = z, 4*z + 3*t - 4 = 103. Suppose -f - 45 = -4*b, -2*b = -5*f - z - 4. Let k = -7 + b. What are the prime factors of k?
2
Let y = 20 - -20. List the prime factors of y.
2, 5
What are the prime factors of (485/(-15) + 5)*(-3)/1?
2, 41
Suppose -2*z = -7*z + 500. List the prime factors of z.
2, 5
Let n be (-38)/(-8) + (-1)/(-4). Let u = -4 - -4. Suppose u = p + n*i + 2, -5*p + 7*i = 3*i - 19. What are the prime factors of p?
3
Let d(v) = -v + 2. Let z(p) = -p**3 + 6*p**2 + 5*p + 9. Let s be z(7). List the prime factors of d(s).
7
Let h be (-132)/(-11) + 2/(-1). Suppose g - 4*f - 35 = 0, h = 4*f - 6*f. What are the prime factors of g?
3, 5
Suppose -82 = -3*u - w, -u + 2*w = -3*u + 56. What are the prime factors of u?
3
Let z = 16 - -24. Suppose 3*n + z + 23 = 0. What are the prime factors of n*((-81)/21 + 3)?
2, 3
Suppose 2*r - 60 = r. Suppose u - 4*u - r = 0. Let q = -3 - u. What are the prime factors of q?
17
What are the prime factors of 9/2 - (-1)/(-2)?
2
Let a = 7 + -7. Suppose -5*l + 28 + 32 = a. List the prime factors of l.
2, 3
Let l(p) = -p**3 - 3*p**2 - p + 2. Let g be l(-2). Let v(h) be the second derivative of -h**5/20 + 5*h**2/2 - 12*h. List the prime factors of v(g).
5
Let i(p) = -2*p**2 - p - 1. Let f(a) = 3*a**2 + 3*a + 2. Let l(d) = -3*f(d) - 5*i(d). List the prime factors of l(5).
2
Let n(p) = -p**2 + 7*p - 4. Let z be n(6). Suppose 2*i + m - 11 = 0, 0 + 6 = -z*m. What are the prime factors of i?
7
Suppose 10*r - 12*r + 210 = 0. What are the prime factors of r?
3, 5, 7
Let o(r) = -r**3 - 6*r**2 + 7*r + 2. What are the prime factors of o(-8)?
2, 37
Let u = 2 - 0. Suppose -g = u*g - 12. Suppose -16 = -g*x + 8. What are the prime factors of x?
2, 3
Let z be (-2 - -2)/((-4)/(-2)). Suppose -4*w + w + 76 = 2*m, z = 4*m + 4*w - 148. Suppose -m = -5*r - 5. What are the prime factors of r?
2, 3
Let h(u) = -u**3 + 7*u**2 + 2*u - 4. Suppose 6*j = j + 35. What are the prime factors of h(j)?
2, 5
Let j(s) = 9*s**2 + s - 5. List the prime factors of j(3).
79
Suppose 0 = -0*t + t - 4. Suppose -t*j = -0 - 32. What are the prime factors of -2 + j + 2/2?
7
Let k be ((-4)/(-10))/(7/35). Suppose -k*m + 2*h = -20, -2*m = -h - 2*h - 22. List the prime factors of m.
2
Suppose 5*t - 5 - 15 = 0. Suppose -3*a = -t*a + 2. List the prime factors of a.
2
List the prime factors of ((-67)/(-2))/(8/16).
67
Let d(x) = -5*x + 24. What are the prime factors of d(-19)?
7, 17
Let x(h) = h**2 - 29*h + 95. What are the prime factors of x(29)?
5, 19
Let g = 52 - 87. Let d = g - -51. List the prime factors of d.
2
List the prime factors of (-2*(-3)/12)/(1/182).
7, 13
Let r be 0/(2*(-3)/(-2)). Let h = r - -7. What are the prime factors of h?
7
Let d = -233 + 394. List the prime factors of d.
7, 23
Let i(f) = -f**2 - 8*f + 13. Let u be i(-9). Suppose -3*o = -u*o + 6. List the prime factors of o.
2, 3
Let n(h) = h**3 + 5*h**2 - 6*h + 4. Let q be n(-6). Let d be 5/(-2) - (-2)/q. Let s = d + 8. What are the prime factors of s?
2, 3
Suppose -3*d + 3 = -2*d. Suppose -9 = -3*k - d*r, -r + 3*r = 0. Suppose -6*c = -k*c - 15. List the prime factors of c.
5
Let a(s) = 2*s + 6. Let c = 10 + -4. Let u be a(c). Suppose p = -p + u. What are the prime factors of p?
3
Let f(v) = 2*v**2 + 2*v - 2. Let t be f(-3). What are the prime factors of -1 + 2 + -2 + t?
3
Suppose -3*n + 0*w + 23 = w, -25 = -5*w. Suppose n*t - 120 = t. List the prime factors of t.
2, 3
Let q be (-5)/(-5)*(8 - 0). Let f be q/16*3*18. Let z = f + -14. List the prime factors of z.
13
Suppose 4*s + 2*h - 3*h = 227, 2*s - 97 = -5*h. What are the prime factors of s?
2, 7
Let m(y) = y**3 - 5*y**2 + 2*y. Suppose c + 8 = 3*c. Suppose 5*s - 5 = c*s. What are the prime factors of m(s)?
2, 5
Let y(f) be the third derivative of -f**4/24 + f**3/6 - 3*f**2. What are the prime factors of y(-1)?
2
Suppose 4*v = 4*b + 36, 0 = v - 6*v + 2*b + 36. Let f(l) = -l**2 + 6*l - 3. Let q be f(v). What are the prime factors of (-2 - 12)/(6/q)?
7
Let b 